{"id":114,"date":"2022-06-27T15:35:46","date_gmt":"2022-06-27T13:35:46","guid":{"rendered":"https:\/\/viasso-occitanie.org\/?page_id=114"},"modified":"2022-06-28T16:37:41","modified_gmt":"2022-06-28T14:37:41","slug":"nos-missions","status":"publish","type":"page","link":"https:\/\/viasso-occitanie.org\/index.php\/nos-missions\/","title":{"rendered":"Nos missions"},"content":{"rendered":"\n<p>Un Point d&#8217;Appui \u00e0 la Vie Associative a pour objectif de permettre, dans les territoires couverts, le d\u00e9veloppement d\u2019une vie associative de qualit\u00e9 et de soutenir la p\u00e9rennisation des associations par un accompagnement et un suivi professionnel.<\/p>\n\n\n\n<p>L\u2019objectif op\u00e9rationnel est de rendre un service d\u2019accueil gratuit, complet, impartial, adapt\u00e9 et actualis\u00e9 et de le p\u00e9renniser.<\/p>\n\n\n\n<div class=\"wp-container-5 wp-block-columns\">\n<div class=\"wp-container-1 wp-block-column\">\n<p><strong>Appui-Conseil<\/strong><\/p>\n\n\n\n<p>l\u2019appui-conseil rev\u00eat des formes multiples&nbsp;: recevoir une demande, apporter de l\u2019information, r\u00e9pondre \u00e0 des questions, fournir des documents types, orienter vers un partenaire, donner des pistes de solution,\u2026<\/p>\n\n\n\n<p><strong>Accompagnement<\/strong><\/p>\n\n\n\n<p>L\u2019accompagnement est mis en place autour d\u2019une probl\u00e9matique et de besoins. Inscrit dans la dur\u00e9e, il permet d\u2019apporter des outils&nbsp;, m\u00e9thodes, mises en situation, liens avec d\u2019autres projets et des ressources \u00e0 l\u2019association accompagn\u00e9e.<\/p>\n\n\n\n<p><\/p>\n<\/div>\n\n\n\n<div class=\"wp-container-4 wp-block-column\">\n<figure class=\"wp-container-3 wp-block-gallery-2 wp-block-gallery has-nested-images columns-default is-cropped\">\n<figure class=\"wp-block-image size-large\"><img loading=\"lazy\" width=\"400\" height=\"267\" src=\"https:\/\/viasso-occitanie.org\/wp-content\/uploads\/2022\/06\/pexels-photo-7176305.jpeg\" alt=\"\" class=\"wp-image-115\" srcset=\"https:\/\/viasso-occitanie.org\/wp-content\/uploads\/2022\/06\/pexels-photo-7176305.jpeg 400w, https:\/\/viasso-occitanie.org\/wp-content\/uploads\/2022\/06\/pexels-photo-7176305-300x200.jpeg 300w\" sizes=\"(max-width: 400px) 100vw, 400px\" \/><figcaption>conseil et accompagnement<\/figcaption><\/figure>\n<\/figure>\n\n\n\n<p class=\"has-text-align-center\">1500 associations ou porteurs de projet accompagn\u00e9s par an, 1700 entretiens r\u00e9alis\u00e9s par an.<\/p>\n<\/div>\n<\/div>\n\n\n\n<p><strong>La formation<\/strong><\/p>\n\n\n\n<div class=\"wp-container-8 wp-block-columns\">\n<div class=\"wp-container-6 wp-block-column\"><div class=\"wp-block-image\">\n<figure class=\"aligncenter size-full is-resized\"><img loading=\"lazy\" src=\"https:\/\/viasso-occitanie.org\/wp-content\/uploads\/2022\/06\/pexels-photo-1181622.jpeg\" alt=\"\" class=\"wp-image-116\" width=\"445\" height=\"297\" srcset=\"https:\/\/viasso-occitanie.org\/wp-content\/uploads\/2022\/06\/pexels-photo-1181622.jpeg 400w, https:\/\/viasso-occitanie.org\/wp-content\/uploads\/2022\/06\/pexels-photo-1181622-300x200.jpeg 300w\" sizes=\"(max-width: 445px) 100vw, 445px\" \/><figcaption>Formations pour les b\u00e9n\u00e9voles et salari\u00e9s<\/figcaption><\/figure><\/div>\n\n\n<p class=\"has-text-align-center\">Dans nos PAVA : 700 b\u00e9n\u00e9voles et salari\u00e9s sont form\u00e9s par an, environ 200 demi-journ\u00e9es de formation sont organis\u00e9es chaque ann\u00e9e.<\/p>\n<\/div>\n\n\n\n<div class=\"wp-container-7 wp-block-column\">\n<p>La formation permet la transmission de savoirs et de connaissances en vue de la mont\u00e9e en comp\u00e9tences des b\u00e9n\u00e9voles, salari\u00e9s ou porteurs de projets associatifs.<\/p>\n\n\n\n<p>Nous intervenons dans des secteurs d\u2019activit\u00e9 vari\u00e9s&nbsp;: culture, sport, animation sociale, enfance-jeunesse, environnement, agriculture, services \u00e0 la personne, etc.<\/p>\n\n\n\n<p>Sur des th\u00e9matiques diverses&nbsp;: projet associatif, emploi, gestion financi\u00e8re, gouvernance et organisation interne, cr\u00e9ation de structures, num\u00e9rique, communication, partenariats, etc.<\/p>\n<\/div>\n<\/div>\n","protected":false},"excerpt":{"rendered":"<p>Un Point d&#8217;Appui \u00e0 la Vie Associative a pour objectif de permettre, dans les territoires couverts, le d\u00e9veloppement d\u2019une vie associative de qualit\u00e9 et de soutenir la p\u00e9rennisation des associations par un accompagnement et un suivi professionnel. L\u2019objectif op\u00e9rationnel est de rendre un service d\u2019accueil gratuit, complet, impartial, adapt\u00e9 et actualis\u00e9 et de le p\u00e9renniser. &hellip; <\/p>\n<p><a class=\"more-link btn\" href=\"https:\/\/viasso-occitanie.org\/index.php\/nos-missions\/\">Lire la suite<\/a><\/p>\n","protected":false},"author":1,"featured_media":0,"parent":0,"menu_order":0,"comment_status":"closed","ping_status":"closed","template":"","meta":{"_mi_skip_tracking":false},"yoast_head":"<!-- This site is optimized with the Yoast SEO plugin v15.1.1 - https:\/\/yoast.com\/wordpress\/plugins\/seo\/ -->\n<title>Nos missions - Viasso-Occitanie<\/title>\n<meta name=\"robots\" content=\"index, follow, max-snippet:-1, max-image-preview:large, max-video-preview:-1\" \/>\n<link rel=\"canonical\" href=\"https:\/\/viasso-occitanie.org\/index.php\/nos-missions\/\" \/>\n<meta property=\"og:locale\" content=\"fr_FR\" \/>\n<meta property=\"og:type\" content=\"article\" \/>\n<meta property=\"og:title\" content=\"Nos missions - Viasso-Occitanie\" \/>\n<meta property=\"og:description\" content=\"Un Point d&#8217;Appui \u00e0 la Vie Associative a pour objectif de permettre, dans les territoires couverts, le d\u00e9veloppement d\u2019une vie associative de qualit\u00e9 et de soutenir la p\u00e9rennisation des associations par un accompagnement et un suivi professionnel. L\u2019objectif op\u00e9rationnel est de rendre un service d\u2019accueil gratuit, complet, impartial, adapt\u00e9 et actualis\u00e9 et de le p\u00e9renniser. &hellip; Lire la suite\" \/>\n<meta property=\"og:url\" content=\"https:\/\/viasso-occitanie.org\/index.php\/nos-missions\/\" \/>\n<meta property=\"og:site_name\" content=\"Viasso-Occitanie\" \/>\n<meta property=\"article:modified_time\" content=\"2022-06-28T14:37:41+00:00\" \/>\n<meta property=\"og:image\" content=\"https:\/\/viasso-occitanie.org\/wp-content\/uploads\/2022\/06\/pexels-photo-7176305.jpeg\" \/>\n<meta name=\"twitter:card\" content=\"summary_large_image\" \/>\n<script type=\"application\/ld+json\" class=\"yoast-schema-graph\">{\"@context\":\"https:\/\/schema.org\",\"@graph\":[{\"@type\":\"WebSite\",\"@id\":\"https:\/\/viasso-occitanie.org\/#website\",\"url\":\"https:\/\/viasso-occitanie.org\/\",\"name\":\"Viasso-Occitanie\",\"description\":\"Un R\\u00e9seau r\\u00e9gional de professionnels pour d\\u00e9velopper vos projets associatifs\",\"potentialAction\":[{\"@type\":\"SearchAction\",\"target\":\"https:\/\/viasso-occitanie.org\/?s={search_term_string}\",\"query-input\":\"required name=search_term_string\"}],\"inLanguage\":\"fr-FR\"},{\"@type\":\"ImageObject\",\"@id\":\"https:\/\/viasso-occitanie.org\/index.php\/nos-missions\/#primaryimage\",\"inLanguage\":\"fr-FR\",\"url\":\"https:\/\/viasso-occitanie.org\/wp-content\/uploads\/2022\/06\/pexels-photo-7176305.jpeg\",\"width\":400,\"height\":267},{\"@type\":\"WebPage\",\"@id\":\"https:\/\/viasso-occitanie.org\/index.php\/nos-missions\/#webpage\",\"url\":\"https:\/\/viasso-occitanie.org\/index.php\/nos-missions\/\",\"name\":\"Nos missions - Viasso-Occitanie\",\"isPartOf\":{\"@id\":\"https:\/\/viasso-occitanie.org\/#website\"},\"primaryImageOfPage\":{\"@id\":\"https:\/\/viasso-occitanie.org\/index.php\/nos-missions\/#primaryimage\"},\"datePublished\":\"2022-06-27T13:35:46+00:00\",\"dateModified\":\"2022-06-28T14:37:41+00:00\",\"inLanguage\":\"fr-FR\",\"potentialAction\":[{\"@type\":\"ReadAction\",\"target\":[\"https:\/\/viasso-occitanie.org\/index.php\/nos-missions\/\"]}]}]}<\/script>\n<!-- \/ Yoast SEO plugin. -->","_links":{"self":[{"href":"https:\/\/viasso-occitanie.org\/index.php\/wp-json\/wp\/v2\/pages\/114"}],"collection":[{"href":"https:\/\/viasso-occitanie.org\/index.php\/wp-json\/wp\/v2\/pages"}],"about":[{"href":"https:\/\/viasso-occitanie.org\/index.php\/wp-json\/wp\/v2\/types\/page"}],"author":[{"embeddable":true,"href":"https:\/\/viasso-occitanie.org\/index.php\/wp-json\/wp\/v2\/users\/1"}],"replies":[{"embeddable":true,"href":"https:\/\/viasso-occitanie.org\/index.php\/wp-json\/wp\/v2\/comments?post=114"}],"version-history":[{"count":4,"href":"https:\/\/viasso-occitanie.org\/index.php\/wp-json\/wp\/v2\/pages\/114\/revisions"}],"predecessor-version":[{"id":189,"href":"https:\/\/viasso-occitanie.org\/index.php\/wp-json\/wp\/v2\/pages\/114\/revisions\/189"}],"wp:attachment":[{"href":"https:\/\/viasso-occitanie.org\/index.php\/wp-json\/wp\/v2\/media?parent=114"}],"curies":[{"name":"wp","href":"https:\/\/api.w.org\/{rel}","templated":true}]}}