{"id":128,"date":"2022-06-27T16:01:57","date_gmt":"2022-06-27T14:01:57","guid":{"rendered":"https:\/\/viasso-occitanie.org\/?page_id=128"},"modified":"2022-06-28T16:07:55","modified_gmt":"2022-06-28T14:07:55","slug":"vrl","status":"publish","type":"page","link":"https:\/\/viasso-occitanie.org\/index.php\/vrl\/","title":{"rendered":"Valeurs de la R\u00e9publique et Laicit\u00e9"},"content":{"rendered":"\n<p><strong>Former mes acteurs associatifs aux Valeurs de la R\u00e9publique et de la La\u00efcit\u00e9.<\/strong><\/p>\n\n\n\n<div class=\"wp-container-5 wp-block-columns\">\n<div class=\"wp-container-4 wp-block-column\" style=\"flex-basis:100%\">\n<div class=\"wp-container-3 wp-block-columns\">\n<div class=\"wp-container-1 wp-block-column\">\n<p>La r\u00e9seau ViAsso s\u2019est associ\u00e9 \u00e0 la mise en place d\u00e8s 2015 du plan Valeurs de la R\u00e9publique et La\u00efcit\u00e9 d\u00e9ploy\u00e9 par l\u2019Etat en direction des acteurs associatifs et sociaux.<\/p>\n<\/div>\n\n\n\n<div class=\"wp-container-2 wp-block-column\">\n<figure class=\"wp-block-image size-full is-resized\"><img loading=\"lazy\" src=\"https:\/\/viasso-occitanie.org\/wp-content\/uploads\/2022\/06\/logo_val-2.jpg\" alt=\"\" class=\"wp-image-131\" width=\"265\" height=\"151\" srcset=\"https:\/\/viasso-occitanie.org\/wp-content\/uploads\/2022\/06\/logo_val-2.jpg 750w, https:\/\/viasso-occitanie.org\/wp-content\/uploads\/2022\/06\/logo_val-2-300x172.jpg 300w\" sizes=\"(max-width: 265px) 100vw, 265px\" \/><\/figure>\n<\/div>\n<\/div>\n<\/div>\n<\/div>\n\n\n\n<div class=\"wp-container-8 wp-block-columns\">\n<div class=\"wp-container-6 wp-block-column\">\n<p>Les \u00e9quipes de PAVA forment des b\u00e9n\u00e9voles et des salari\u00e9s des associations autour du carde juridique applicable de la la\u00efcit\u00e9 mais \u00e9galement des bonnes postures pour dialoguer avec leur public sur ces questions. <\/p>\n<\/div>\n\n\n\n<div class=\"wp-container-7 wp-block-column\">\n<p>Avec plus de 10 formateurs habilit\u00e9s, le r\u00e9seau forme en moyenne 200 personnes par an en Occitanie.<\/p>\n\n\n\n<p>Contactez votre PAVA pour conna\u00eetre les prochaines sessions organis\u00e9es pr\u00e8s de chez vous.<\/p>\n<\/div>\n<\/div>\n","protected":false},"excerpt":{"rendered":"<p>Former mes acteurs associatifs aux Valeurs de la R\u00e9publique et de la La\u00efcit\u00e9. La r\u00e9seau ViAsso s\u2019est associ\u00e9 \u00e0 la mise en place d\u00e8s 2015 du plan Valeurs de la R\u00e9publique et La\u00efcit\u00e9 d\u00e9ploy\u00e9 par l\u2019Etat en direction des acteurs associatifs et sociaux. Les \u00e9quipes de PAVA forment des b\u00e9n\u00e9voles et des salari\u00e9s des associations &hellip; <\/p>\n<p><a class=\"more-link btn\" href=\"https:\/\/viasso-occitanie.org\/index.php\/vrl\/\">Lire la suite<\/a><\/p>\n","protected":false},"author":1,"featured_media":0,"parent":0,"menu_order":0,"comment_status":"closed","ping_status":"closed","template":"","meta":{"_mi_skip_tracking":false},"yoast_head":"<!-- This site is optimized with the Yoast SEO plugin v15.1.1 - https:\/\/yoast.com\/wordpress\/plugins\/seo\/ -->\n<title>Valeurs de la R\u00e9publique et Laicit\u00e9 - Viasso-Occitanie<\/title>\n<meta name=\"robots\" content=\"index, follow, max-snippet:-1, max-image-preview:large, max-video-preview:-1\" \/>\n<link rel=\"canonical\" href=\"https:\/\/viasso-occitanie.org\/index.php\/vrl\/\" \/>\n<meta property=\"og:locale\" content=\"fr_FR\" \/>\n<meta property=\"og:type\" content=\"article\" \/>\n<meta property=\"og:title\" content=\"Valeurs de la R\u00e9publique et Laicit\u00e9 - Viasso-Occitanie\" \/>\n<meta property=\"og:description\" content=\"Former mes acteurs associatifs aux Valeurs de la R\u00e9publique et de la La\u00efcit\u00e9. La r\u00e9seau ViAsso s\u2019est associ\u00e9 \u00e0 la mise en place d\u00e8s 2015 du plan Valeurs de la R\u00e9publique et La\u00efcit\u00e9 d\u00e9ploy\u00e9 par l\u2019Etat en direction des acteurs associatifs et sociaux. Les \u00e9quipes de PAVA forment des b\u00e9n\u00e9voles et des salari\u00e9s des associations &hellip; Lire la suite\" \/>\n<meta property=\"og:url\" content=\"https:\/\/viasso-occitanie.org\/index.php\/vrl\/\" \/>\n<meta property=\"og:site_name\" content=\"Viasso-Occitanie\" \/>\n<meta property=\"article:modified_time\" content=\"2022-06-28T14:07:55+00:00\" \/>\n<meta property=\"og:image\" content=\"https:\/\/viasso-occitanie.org\/wp-content\/uploads\/2022\/06\/logo_val-2.jpg\" \/>\n<meta name=\"twitter:card\" content=\"summary_large_image\" \/>\n<script type=\"application\/ld+json\" class=\"yoast-schema-graph\">{\"@context\":\"https:\/\/schema.org\",\"@graph\":[{\"@type\":\"WebSite\",\"@id\":\"https:\/\/viasso-occitanie.org\/#website\",\"url\":\"https:\/\/viasso-occitanie.org\/\",\"name\":\"Viasso-Occitanie\",\"description\":\"Un R\\u00e9seau r\\u00e9gional de professionnels pour d\\u00e9velopper vos projets associatifs\",\"potentialAction\":[{\"@type\":\"SearchAction\",\"target\":\"https:\/\/viasso-occitanie.org\/?s={search_term_string}\",\"query-input\":\"required name=search_term_string\"}],\"inLanguage\":\"fr-FR\"},{\"@type\":\"ImageObject\",\"@id\":\"https:\/\/viasso-occitanie.org\/index.php\/vrl\/#primaryimage\",\"inLanguage\":\"fr-FR\",\"url\":\"https:\/\/viasso-occitanie.org\/wp-content\/uploads\/2022\/06\/logo_val-2.jpg\",\"width\":750,\"height\":430},{\"@type\":\"WebPage\",\"@id\":\"https:\/\/viasso-occitanie.org\/index.php\/vrl\/#webpage\",\"url\":\"https:\/\/viasso-occitanie.org\/index.php\/vrl\/\",\"name\":\"Valeurs de la R\\u00e9publique et Laicit\\u00e9 - Viasso-Occitanie\",\"isPartOf\":{\"@id\":\"https:\/\/viasso-occitanie.org\/#website\"},\"primaryImageOfPage\":{\"@id\":\"https:\/\/viasso-occitanie.org\/index.php\/vrl\/#primaryimage\"},\"datePublished\":\"2022-06-27T14:01:57+00:00\",\"dateModified\":\"2022-06-28T14:07:55+00:00\",\"inLanguage\":\"fr-FR\",\"potentialAction\":[{\"@type\":\"ReadAction\",\"target\":[\"https:\/\/viasso-occitanie.org\/index.php\/vrl\/\"]}]}]}<\/script>\n<!-- \/ Yoast SEO plugin. -->","_links":{"self":[{"href":"https:\/\/viasso-occitanie.org\/index.php\/wp-json\/wp\/v2\/pages\/128"}],"collection":[{"href":"https:\/\/viasso-occitanie.org\/index.php\/wp-json\/wp\/v2\/pages"}],"about":[{"href":"https:\/\/viasso-occitanie.org\/index.php\/wp-json\/wp\/v2\/types\/page"}],"author":[{"embeddable":true,"href":"https:\/\/viasso-occitanie.org\/index.php\/wp-json\/wp\/v2\/users\/1"}],"replies":[{"embeddable":true,"href":"https:\/\/viasso-occitanie.org\/index.php\/wp-json\/wp\/v2\/comments?post=128"}],"version-history":[{"count":2,"href":"https:\/\/viasso-occitanie.org\/index.php\/wp-json\/wp\/v2\/pages\/128\/revisions"}],"predecessor-version":[{"id":177,"href":"https:\/\/viasso-occitanie.org\/index.php\/wp-json\/wp\/v2\/pages\/128\/revisions\/177"}],"wp:attachment":[{"href":"https:\/\/viasso-occitanie.org\/index.php\/wp-json\/wp\/v2\/media?parent=128"}],"curies":[{"name":"wp","href":"https:\/\/api.w.org\/{rel}","templated":true}]}}

Valeurs de la République et Laicité

<p><strong>Former mes acteurs associatifs aux Valeurs de la République et de la Laïcité.</strong></p>



<div class="wp-container-5 wp-block-columns">
<div class="wp-container-4 wp-block-column" style="flex-basis:100%">
<div class="wp-container-3 wp-block-columns">
<div class="wp-container-1 wp-block-column">
<p>La réseau ViAsso s’est associé à la mise en place dès 2015 du plan Valeurs de la République et Laïcité déployé par l’Etat en direction des acteurs associatifs et sociaux.</p>
</div>



<div class="wp-container-2 wp-block-column">
<figure class="wp-block-image size-full is-resized"><img loading="lazy" src="https://viasso-occitanie.org/wp-content/uploads/2022/06/logo_val-2.jpg" alt="" class="wp-image-131" width="265" height="151" srcset="https://viasso-occitanie.org/wp-content/uploads/2022/06/logo_val-2.jpg 750w, https://viasso-occitanie.org/wp-content/uploads/2022/06/logo_val-2-300x172.jpg 300w" sizes="(max-width: 265px) 100vw, 265px" /></figure>
</div>
</div>
</div>
</div>



<div class="wp-container-8 wp-block-columns">
<div class="wp-container-6 wp-block-column">
<p>Les équipes de PAVA forment des bénévoles et des salariés des associations autour du carde juridique applicable de la laïcité mais également des bonnes postures pour dialoguer avec leur public sur ces questions. </p>
</div>



<div class="wp-container-7 wp-block-column">
<p>Avec plus de 10 formateurs habilités, le réseau forme en moyenne 200 personnes par an en Occitanie.</p>



<p>Contactez votre PAVA pour connaître les prochaines sessions organisées près de chez vous.</p>
</div>
</div>

<p>Former mes acteurs associatifs aux Valeurs de la République et de la Laïcité. La réseau ViAsso s’est associé à la mise en place dès 2015 du plan Valeurs de la République et Laïcité déployé par l’Etat en direction des acteurs associatifs et sociaux. Les équipes de PAVA forment des bénévoles et des salariés des associations &hellip; </p>
<p><a class="more-link btn" href="https://viasso-occitanie.org/index.php/vrl/">Lire la suite</a></p>

<!-- This site is optimized with the Yoast SEO plugin v15.1.1 - https://yoast.com/wordpress/plugins/seo/ -->
<title>Valeurs de la République et Laicité - Viasso-Occitanie</title>
<meta name="robots" content="index, follow, max-snippet:-1, max-image-preview:large, max-video-preview:-1" />
<link rel="canonical" href="https://viasso-occitanie.org/index.php/vrl/" />
<meta property="og:locale" content="fr_FR" />
<meta property="og:type" content="article" />
<meta property="og:title" content="Valeurs de la République et Laicité - Viasso-Occitanie" />
<meta property="og:description" content="Former mes acteurs associatifs aux Valeurs de la République et de la Laïcité. La réseau ViAsso s’est associé à la mise en place dès 2015 du plan Valeurs de la République et Laïcité déployé par l’Etat en direction des acteurs associatifs et sociaux. Les équipes de PAVA forment des bénévoles et des salariés des associations &hellip; Lire la suite" />
<meta property="og:url" content="https://viasso-occitanie.org/index.php/vrl/" />
<meta property="og:site_name" content="Viasso-Occitanie" />
<meta property="article:modified_time" content="2022-06-28T14:07:55+00:00" />
<meta property="og:image" content="https://viasso-occitanie.org/wp-content/uploads/2022/06/logo_val-2.jpg" />
<meta name="twitter:card" content="summary_large_image" />
<script type="application/ld+json" class="yoast-schema-graph">{"@context":"https://schema.org","@graph":[{"@type":"WebSite","@id":"https://viasso-occitanie.org/#website","url":"https://viasso-occitanie.org/","name":"Viasso-Occitanie","description":"Un R\u00e9seau r\u00e9gional de professionnels pour d\u00e9velopper vos projets associatifs","potentialAction":[{"@type":"SearchAction","target":"https://viasso-occitanie.org/?s={search_term_string}","query-input":"required name=search_term_string"}],"inLanguage":"fr-FR"},{"@type":"ImageObject","@id":"https://viasso-occitanie.org/index.php/vrl/#primaryimage","inLanguage":"fr-FR","url":"https://viasso-occitanie.org/wp-content/uploads/2022/06/logo_val-2.jpg","width":750,"height":430},{"@type":"WebPage","@id":"https://viasso-occitanie.org/index.php/vrl/#webpage","url":"https://viasso-occitanie.org/index.php/vrl/","name":"Valeurs de la R\u00e9publique et Laicit\u00e9 - Viasso-Occitanie","isPartOf":{"@id":"https://viasso-occitanie.org/#website"},"primaryImageOfPage":{"@id":"https://viasso-occitanie.org/index.php/vrl/#primaryimage"},"datePublished":"2022-06-27T14:01:57+00:00","dateModified":"2022-06-28T14:07:55+00:00","inLanguage":"fr-FR","potentialAction":[{"@type":"ReadAction","target":["https://viasso-occitanie.org/index.php/vrl/"]}]}]}</script>
<!-- / Yoast SEO plugin. -->
