{"id":212,"date":"2024-03-04T16:06:00","date_gmt":"2024-03-04T15:06:00","guid":{"rendered":"https:\/\/viasso-occitanie.org\/?page_id=212"},"modified":"2024-03-04T16:06:01","modified_gmt":"2024-03-04T15:06:01","slug":"expertise-emploi","status":"publish","type":"page","link":"https:\/\/viasso-occitanie.org\/index.php\/expertise-emploi\/","title":{"rendered":"Expertise Emploi"},"content":{"rendered":"\n<div class=\"wp-container-1 wp-block-group\"><div class=\"wp-block-group__inner-container\">\n<blockquote class=\"wp-block-quote\"><p>ViAsso : des experts au service de l&#8217;emploi associatif<\/p><\/blockquote>\n\n\n\n<p>Viasso met en \u0153uvre et d\u00e9veloppe son soutien \u00e0 la fonction employeur des associations \u00e0 travers diff\u00e9rentes actions. Pour plus d&#8217;informations, n&#8217;h\u00e9sitez pas \u00e0 nous contacter via notre <a href=\"http:\/\/viasso-occitanie.org\/index.php\/contact\/\" target=\"_blank\" rel=\"noreferrer noopener\">formulaire de contact<\/a>. <\/p>\n<\/div><\/div>\n\n\n\n<div class=\"wp-block-media-text alignwide is-stacked-on-mobile\"><figure class=\"wp-block-media-text__media\"><img loading=\"lazy\" width=\"1024\" height=\"603\" src=\"https:\/\/viasso-occitanie.org\/wp-content\/uploads\/2024\/03\/calculator-385506_1280-2-1024x603.jpg\" alt=\"\" class=\"wp-image-215 size-full\" srcset=\"https:\/\/viasso-occitanie.org\/wp-content\/uploads\/2024\/03\/calculator-385506_1280-2-1024x603.jpg 1024w, https:\/\/viasso-occitanie.org\/wp-content\/uploads\/2024\/03\/calculator-385506_1280-2-300x177.jpg 300w, https:\/\/viasso-occitanie.org\/wp-content\/uploads\/2024\/03\/calculator-385506_1280-2-768x452.jpg 768w, https:\/\/viasso-occitanie.org\/wp-content\/uploads\/2024\/03\/calculator-385506_1280-2-1140x672.jpg 1140w, https:\/\/viasso-occitanie.org\/wp-content\/uploads\/2024\/03\/calculator-385506_1280-2.jpg 1280w\" sizes=\"(max-width: 1024px) 100vw, 1024px\" \/><\/figure><div class=\"wp-block-media-text__content\">\n<h2><strong><mark style=\"background-color:#ffffff\" class=\"has-inline-color has-black-color\">En quelques chiffres &#8230;<\/mark><mark style=\"background-color:#ffffff\" class=\"has-inline-color has-cyan-bluish-gray-color\"> <\/mark><\/strong><\/h2>\n\n\n\n<p>ViAsso comprend 6 PAVA qui disposent d&#8217;un service salaire assurant la gestion des paies.<br>Plus de 15 gestionnaires de paies assurent le service.<\/p>\n\n\n\n<p>Notre activit\u00e9 : <br>&gt; <strong>1000 adh\u00e9rents <\/strong>chaque ann\u00e9e<br>&gt; pr\u00e8s de<strong> 4000 bulletins<\/strong> chaque mois<br>&gt; <strong>4 groupements d&#8217;employeurs <\/strong>et 350 salari\u00e9s qui en b\u00e9n\u00e9ficient<\/p>\n<\/div><\/div>\n\n\n\n<div class=\"wp-block-media-text alignwide has-media-on-the-right is-stacked-on-mobile\"><figure class=\"wp-block-media-text__media\"><img loading=\"lazy\" width=\"1024\" height=\"640\" src=\"https:\/\/viasso-occitanie.org\/wp-content\/uploads\/2024\/03\/9650007_7566-1024x640.jpg\" alt=\"\" class=\"wp-image-216 size-full\" srcset=\"https:\/\/viasso-occitanie.org\/wp-content\/uploads\/2024\/03\/9650007_7566-1024x640.jpg 1024w, https:\/\/viasso-occitanie.org\/wp-content\/uploads\/2024\/03\/9650007_7566-300x188.jpg 300w, https:\/\/viasso-occitanie.org\/wp-content\/uploads\/2024\/03\/9650007_7566-768x480.jpg 768w, https:\/\/viasso-occitanie.org\/wp-content\/uploads\/2024\/03\/9650007_7566-1536x960.jpg 1536w, https:\/\/viasso-occitanie.org\/wp-content\/uploads\/2024\/03\/9650007_7566-2048x1280.jpg 2048w, https:\/\/viasso-occitanie.org\/wp-content\/uploads\/2024\/03\/9650007_7566-1140x713.jpg 1140w\" sizes=\"(max-width: 1024px) 100vw, 1024px\" \/><\/figure><div class=\"wp-block-media-text__content\">\n<h2>Conseil &amp; accompagnement<\/h2>\n\n\n\n<p>Nos \u00e9quipes sont comp\u00e9tentes pour vous fournir des conseils et vous accompagner dans la cr\u00e9ation et la p\u00e9rennisation de l&#8217;emploi  : contrats de travail, co\u00fbt de l\u2019emploi, bulletins, d\u00e9clarations Sociales, GRH, &#8230;<\/p>\n\n\n\n<p>Vous pouvez aussi b\u00e9n\u00e9ficier d&#8217;un parcours d\u2019accompagnement approfondi &#8220;<a href=\"http:\/\/viasso-occitanie.org\/index.php\/activer-lemploi\/\" target=\"_blank\" rel=\"noreferrer noopener\">Activ&#8217;asso<\/a>&#8221; pour d\u00e9velopper l&#8217;emploi dans votre association.<\/p>\n<\/div><\/div>\n\n\n\n<div class=\"wp-block-media-text alignwide is-stacked-on-mobile\" style=\"grid-template-columns:35% auto\"><figure class=\"wp-block-media-text__media\"><img loading=\"lazy\" width=\"1024\" height=\"1024\" src=\"https:\/\/viasso-occitanie.org\/wp-content\/uploads\/2024\/03\/11669159_20943780-1024x1024.jpg\" alt=\"\" class=\"wp-image-217 size-full\" srcset=\"https:\/\/viasso-occitanie.org\/wp-content\/uploads\/2024\/03\/11669159_20943780-1024x1024.jpg 1024w, https:\/\/viasso-occitanie.org\/wp-content\/uploads\/2024\/03\/11669159_20943780-300x300.jpg 300w, https:\/\/viasso-occitanie.org\/wp-content\/uploads\/2024\/03\/11669159_20943780-150x150.jpg 150w, https:\/\/viasso-occitanie.org\/wp-content\/uploads\/2024\/03\/11669159_20943780-768x768.jpg 768w, https:\/\/viasso-occitanie.org\/wp-content\/uploads\/2024\/03\/11669159_20943780-1536x1536.jpg 1536w, https:\/\/viasso-occitanie.org\/wp-content\/uploads\/2024\/03\/11669159_20943780-2048x2048.jpg 2048w, https:\/\/viasso-occitanie.org\/wp-content\/uploads\/2024\/03\/11669159_20943780-1140x1140.jpg 1140w\" sizes=\"(max-width: 1024px) 100vw, 1024px\" \/><\/figure><div class=\"wp-block-media-text__content\">\n<h2>Services emplois et salaires <\/h2>\n\n\n\n<p>Des gestionnaires de paye exp\u00e9riment\u00e9s en droit social appliqu\u00e9 aux associations vous accompagnent dans le cadre de la Convention d\u2019Assistance pour le D\u00e9veloppement de l\u2019Emploi Associatif et de la <a href=\"http:\/\/assosphere.org\/wp-content\/uploads\/2017\/10\/Convention-dassistance-tiers-de-confiance-ImpactEmploi.pdf\" target=\"_blank\" rel=\"noreferrer noopener\">Convention d\u2019assistance tiers de confiance Impact Emploi<\/a>.<\/p>\n\n\n\n<p>&nbsp;Ils peuvent g\u00e9rer diff\u00e9rentes t\u00e2ches li\u00e9es \u00e0 l&#8217;emploi : l&#8217;affiliation aux diverses caisses sociales obligatoires, l&#8217;\u00e9tablissement des bulletins de paye, les calculs et d\u00e9clarations sociales mensuelles, trimestrielles et annuelles, un accompagnement en cas de contr\u00f4le URSSAF, &#8230;<\/p>\n<\/div><\/div>\n\n\n\n<div class=\"wp-block-media-text alignwide has-media-on-the-right is-stacked-on-mobile\" style=\"grid-template-columns:auto 34%\"><figure class=\"wp-block-media-text__media\"><img loading=\"lazy\" width=\"1024\" height=\"1024\" src=\"https:\/\/viasso-occitanie.org\/wp-content\/uploads\/2024\/03\/11668475_20943591-1024x1024.jpg\" alt=\"\" class=\"wp-image-219 size-full\" srcset=\"https:\/\/viasso-occitanie.org\/wp-content\/uploads\/2024\/03\/11668475_20943591-1024x1024.jpg 1024w, https:\/\/viasso-occitanie.org\/wp-content\/uploads\/2024\/03\/11668475_20943591-300x300.jpg 300w, https:\/\/viasso-occitanie.org\/wp-content\/uploads\/2024\/03\/11668475_20943591-150x150.jpg 150w, https:\/\/viasso-occitanie.org\/wp-content\/uploads\/2024\/03\/11668475_20943591-768x768.jpg 768w, https:\/\/viasso-occitanie.org\/wp-content\/uploads\/2024\/03\/11668475_20943591-1536x1536.jpg 1536w, https:\/\/viasso-occitanie.org\/wp-content\/uploads\/2024\/03\/11668475_20943591-2048x2048.jpg 2048w, https:\/\/viasso-occitanie.org\/wp-content\/uploads\/2024\/03\/11668475_20943591-1140x1140.jpg 1140w\" sizes=\"(max-width: 1024px) 100vw, 1024px\" \/><\/figure><div class=\"wp-block-media-text__content\">\n<h2>Groupements d&#8217;employeurs <\/h2>\n\n\n\n<p>Les groupements d\u2019employeurs (GE) reposent sur le partage d&#8217;emploi et la mise \u00e0 disposition de salari\u00e9s. Le GE embauche et les associations adh\u00e9rentes disposent et se partagent le travail de salari\u00e9s  comp\u00e9tents dans tous les champs d\u2019intervention du secteur associatif. <\/p>\n\n\n\n<p>Le groupement d\u2019employeurs peut en particulier permettre aux associations de faire face aux fluctuations d\u2019activit\u00e9, \u00e0 la saisonnalit\u00e9, aux difficult\u00e9s de recrutement et de mobilisation de comp\u00e9tences sp\u00e9cifiques sur certains territoires ou pour certains m\u00e9tiers.<\/p>\n<\/div><\/div>\n","protected":false},"excerpt":{"rendered":"<p>ViAsso : des experts au service de l&#8217;emploi associatif Viasso met en \u0153uvre et d\u00e9veloppe son soutien \u00e0 la fonction employeur des associations \u00e0 travers diff\u00e9rentes actions. Pour plus d&#8217;informations, n&#8217;h\u00e9sitez pas \u00e0 nous contacter via notre formulaire de contact. En quelques chiffres &#8230; ViAsso comprend 6 PAVA qui disposent d&#8217;un service salaire assurant la &hellip; <\/p>\n<p><a class=\"more-link btn\" href=\"https:\/\/viasso-occitanie.org\/index.php\/expertise-emploi\/\">Lire la suite<\/a><\/p>\n","protected":false},"author":1,"featured_media":0,"parent":0,"menu_order":0,"comment_status":"closed","ping_status":"closed","template":"","meta":{"_mi_skip_tracking":false},"yoast_head":"<!-- This site is optimized with the Yoast SEO plugin v15.1.1 - https:\/\/yoast.com\/wordpress\/plugins\/seo\/ -->\n<title>Expertise Emploi - Viasso-Occitanie<\/title>\n<meta name=\"robots\" content=\"index, follow, max-snippet:-1, max-image-preview:large, max-video-preview:-1\" \/>\n<link rel=\"canonical\" href=\"https:\/\/viasso-occitanie.org\/index.php\/expertise-emploi\/\" \/>\n<meta property=\"og:locale\" content=\"fr_FR\" \/>\n<meta property=\"og:type\" content=\"article\" \/>\n<meta property=\"og:title\" content=\"Expertise Emploi - Viasso-Occitanie\" \/>\n<meta property=\"og:description\" content=\"ViAsso : des experts au service de l&#8217;emploi associatif Viasso met en \u0153uvre et d\u00e9veloppe son soutien \u00e0 la fonction employeur des associations \u00e0 travers diff\u00e9rentes actions. Pour plus d&#8217;informations, n&#8217;h\u00e9sitez pas \u00e0 nous contacter via notre formulaire de contact. En quelques chiffres &#8230; ViAsso comprend 6 PAVA qui disposent d&#8217;un service salaire assurant la &hellip; Lire la suite\" \/>\n<meta property=\"og:url\" content=\"https:\/\/viasso-occitanie.org\/index.php\/expertise-emploi\/\" \/>\n<meta property=\"og:site_name\" content=\"Viasso-Occitanie\" \/>\n<meta property=\"article:modified_time\" content=\"2024-03-04T15:06:01+00:00\" \/>\n<meta property=\"og:image\" content=\"https:\/\/viasso-occitanie.org\/wp-content\/uploads\/2024\/03\/calculator-385506_1280-2-1024x603.jpg\" \/>\n<meta name=\"twitter:card\" content=\"summary_large_image\" \/>\n<script type=\"application\/ld+json\" class=\"yoast-schema-graph\">{\"@context\":\"https:\/\/schema.org\",\"@graph\":[{\"@type\":\"WebSite\",\"@id\":\"https:\/\/viasso-occitanie.org\/#website\",\"url\":\"https:\/\/viasso-occitanie.org\/\",\"name\":\"Viasso-Occitanie\",\"description\":\"Un R\\u00e9seau r\\u00e9gional de professionnels pour d\\u00e9velopper vos projets associatifs\",\"potentialAction\":[{\"@type\":\"SearchAction\",\"target\":\"https:\/\/viasso-occitanie.org\/?s={search_term_string}\",\"query-input\":\"required name=search_term_string\"}],\"inLanguage\":\"fr-FR\"},{\"@type\":\"ImageObject\",\"@id\":\"https:\/\/viasso-occitanie.org\/index.php\/expertise-emploi\/#primaryimage\",\"inLanguage\":\"fr-FR\",\"url\":\"https:\/\/viasso-occitanie.org\/wp-content\/uploads\/2024\/03\/calculator-385506_1280-2.jpg\",\"width\":1280,\"height\":754},{\"@type\":\"WebPage\",\"@id\":\"https:\/\/viasso-occitanie.org\/index.php\/expertise-emploi\/#webpage\",\"url\":\"https:\/\/viasso-occitanie.org\/index.php\/expertise-emploi\/\",\"name\":\"Expertise Emploi - Viasso-Occitanie\",\"isPartOf\":{\"@id\":\"https:\/\/viasso-occitanie.org\/#website\"},\"primaryImageOfPage\":{\"@id\":\"https:\/\/viasso-occitanie.org\/index.php\/expertise-emploi\/#primaryimage\"},\"datePublished\":\"2024-03-04T15:06:00+00:00\",\"dateModified\":\"2024-03-04T15:06:01+00:00\",\"inLanguage\":\"fr-FR\",\"potentialAction\":[{\"@type\":\"ReadAction\",\"target\":[\"https:\/\/viasso-occitanie.org\/index.php\/expertise-emploi\/\"]}]}]}<\/script>\n<!-- \/ Yoast SEO plugin. -->","_links":{"self":[{"href":"https:\/\/viasso-occitanie.org\/index.php\/wp-json\/wp\/v2\/pages\/212"}],"collection":[{"href":"https:\/\/viasso-occitanie.org\/index.php\/wp-json\/wp\/v2\/pages"}],"about":[{"href":"https:\/\/viasso-occitanie.org\/index.php\/wp-json\/wp\/v2\/types\/page"}],"author":[{"embeddable":true,"href":"https:\/\/viasso-occitanie.org\/index.php\/wp-json\/wp\/v2\/users\/1"}],"replies":[{"embeddable":true,"href":"https:\/\/viasso-occitanie.org\/index.php\/wp-json\/wp\/v2\/comments?post=212"}],"version-history":[{"count":4,"href":"https:\/\/viasso-occitanie.org\/index.php\/wp-json\/wp\/v2\/pages\/212\/revisions"}],"predecessor-version":[{"id":222,"href":"https:\/\/viasso-occitanie.org\/index.php\/wp-json\/wp\/v2\/pages\/212\/revisions\/222"}],"wp:attachment":[{"href":"https:\/\/viasso-occitanie.org\/index.php\/wp-json\/wp\/v2\/media?parent=212"}],"curies":[{"name":"wp","href":"https:\/\/api.w.org\/{rel}","templated":true}]}}